{"id":582,"date":"2022-07-25T19:25:13","date_gmt":"2022-07-25T17:25:13","guid":{"rendered":"http:\/\/zfch.home.amu.edu.pl\/?page_id=582"},"modified":"2023-03-21T09:50:43","modified_gmt":"2023-03-21T08:50:43","slug":"news","status":"publish","type":"page","link":"http:\/\/zfch.home.amu.edu.pl\/?page_id=582","title":{"rendered":"NEWS"},"content":{"rendered":"<p><strong>March 2023<\/strong><\/p>\n<ul>\n<li>Prof. <strong>Anna Lewandowska-Andra\u0142oj\u0107<\/strong> has published a\u00a0paper on hydrogen production with MXenes (Nb<sub>2<\/sub>C) in collaboration with Hermenegilda Garc\u00eda group from\u00a0Instituto de Tecnolog\u00eda Qu\u00edmica (ITQ),\u00a0Universitat Polit\u00e8cnica de Val\u00e8ncia. Congratulations!<br \/>\nRub\u00e9n Ram\u00edrez Grau, <strong>Anna Lewandowska-Andralojc<\/strong>, Ana Primo, Hermenegildo Garc\u00eda,<br \/>\n&#8222;<em>Enhancement of the photocatalytic hydrogen production with the exfoliation degree of Nb<sub>2<\/sub>C cocatalyst<\/em>&#8222;,\u00a0International Journal of Hydrogen Energy. You can read the article <a href=\"https:\/\/www.sciencedirect.com\/science\/article\/abs\/pii\/S0360319923009606?dgcid=author&amp;fbclid=IwAR0dik1nbP0B_cSnYSEhTJHZ9k0qTfPWufYeR9SUPWytzMYFtq1qU03J8_E\">here<\/a>.<\/li>\n<li>The article &#8222;<em>Does the presence of ground state complex between a PR-10 protein and a sensitizer affect the mechanism of sensitized photo-oxidation?<\/em>&#8221; by <strong>Marta Ignasiak-Kciuk<\/strong>, Karolina Nowicka-Bauer, Marta Grzechowiak, Tina Ravnsborg, <strong>Kamil Fr\u0105ckowiak<\/strong>, Ole N. Jensen, Mariusz Jask\u00f3lski, <strong>Bronis\u0142aw Marciniak<\/strong> has been published in\u00a0Free Radical Biology and Medicine. Congratulations!<br \/>\nYou can read the article <a href=\"https:\/\/www.sciencedirect.com\/science\/article\/pii\/S0891584923000333\">here<\/a>.<\/li>\n<\/ul>\n<p><strong>February 2023<\/strong><\/p>\n<ul>\n<li>Our article \u201e<em>The Fate of Sulfur Radical Cation of N-Acetyl-Methionine: Deprotonation vs. Decarboxylation<\/em>\u201d by <strong>Katarzyna Grzyb, Vidhi Sehrawat, Tomasz P\u0119dzi\u0144ski<\/strong> has been published in Photochem. Congratulations!<br \/>\nYou can read the article <a href=\"https:\/\/www.mdpi.com\/2673-7256\/3\/1\/7\">here<\/a>.<\/li>\n<\/ul>\n<p><strong>December 2022<\/strong><\/p>\n<ul>\n<li>The communication &#8222;<em>In situ<\/em> <em>modification of Co-MOF with graphene oxide for enhanced photocatalytic hydrogen production<\/em>&#8221; by Aleksander Ejsmont, <strong>Anna Lewandowska-Andralojc<\/strong>, <strong>Karol Hauza<\/strong>, Joanna Goscianska has been published in\u00a0International Journal of Hydrogen Energy. You can read it <a href=\"https:\/\/www.sciencedirect.com\/science\/article\/abs\/pii\/S0360319922058001\">here<\/a>. Big congratulations!<\/li>\n<\/ul>\n<p><strong>October 2022<\/strong><\/p>\n<ul>\n<li style=\"text-align: left;\"><strong>Marina Smirnova<\/strong> joined the group as a Ph.D. student within the PRELUDIUM BIS project <em>\u201cArtificial leaf based on MXene Ti3C2Tx material: photocatalytic hydrogen generation\u201d. <\/em>Welcome!<\/li>\n<\/ul>\n<p><strong>August 2022<\/strong><\/p>\n<ul>\n<li>The article entitled \u201e<em>Understanding structure\u2013properties relationships of porphyrin linked to graphene oxide through \u03c0\u2013\u03c0-stacking or covalent amide bonds<\/em>\u201d by <strong>Anna Lewandowska-Andralojc<\/strong>, <strong>Ewelina Gacka<\/strong>, <strong>Tomasz Pedzinski<\/strong>, Gotard Burdzinski, Aleksandra Lindner, Jessica M. O\u2019Brien, Mathias O. Senge, Aleksandra Siklitskaya, Adam Kubas, <strong>Bronislaw Marciniak<\/strong>\u00a0and Justyna Walkowiak-Kulikowska has just been published in Scientific Reports. Congratulations!<br \/>\nYou can read the article <a href=\"https:\/\/www.nature.com\/articles\/s41598-022-16931-8\">here<\/a>.<\/li>\n<li>The article entitled \u201e<em>Sensitized photoreduction of selected benzophenones. Mass spectrometry studies of radical cross-coupling reactions<\/em>\u201d by <strong>Katarzyna Grzyb<\/strong>, Rafa\u0142 Fra\u0144ski, and <strong>Tomasz Pedzinski<\/strong> has just been published in Journal of Photochemistry and Photobiology B: Biology. Congratulations!<br \/>\nYou can read the article <a href=\"https:\/\/www.sciencedirect.com\/science\/article\/pii\/S1011134422001506\">here<\/a>.<\/li>\n<\/ul>\n<p><strong>July 2022<\/strong><\/p>\n<ul>\n<li><strong>Daria Larowska-Zarych<\/strong>,\u00a0<strong>Katarzyna Krancewicz<\/strong>,\u00a0<strong>Katarzyna Grzyb\u00a0<\/strong>and\u00a0<strong>Kamil Fr\u0105ckowiak<\/strong>\u00a0attended the 28th IUPAC Symposium on Photochemistry in Amsterdam, the Netherlands. The PhD students attended fascinating talks given by experts in photochemistry and presented posters dedicated to their research.<\/li>\n<li><strong>Aleksandra Le\u015bniewcz<\/strong>,\u00a0<strong>Kamil Fr\u0105ckowiak<\/strong> and\u00a0<strong>Aleksander Kolman<\/strong>\u00a0 have received the doctoral minigrant funded by the\u00a0&#8222;Initiative of Excellence &#8211; Research University&#8221; Project (ID-UB). Congratulations!<\/li>\n<li>The article entitled \u201e<em>Unusual photophysical properties of a new tricyclic derivative of thiopurines in terms of potential applications<\/em>\u201d by <strong>Katarzyna Krancewicz<\/strong>, Jacek Koput, Gordon L.Hug, <strong>Bronis\u0142aw Marciniak<\/strong>, <strong>Katarzyna Malgorzata Taras-Goslinska<\/strong> has just been published in Spectrochimica Acta Part A: Molecular and Biomolecular Spectroscopy! Congratulations!<br \/>\nYou can read the article <a href=\"https:\/\/www.sciencedirect.com\/science\/article\/pii\/S1386142522007697?via%3Dihub\">here<\/a><\/li>\n<\/ul>\n<p><strong>June 2022<\/strong><\/p>\n<ul>\n<li>On June 3rd, we participated in the Poznan Science and Art Festival. The visitors took part in the workshop on luminescence and its role in criminology. They had a chance to become photochemists and conduct photochemicak experiments.<br \/>\nThe event was organized by Prof. Anna Lewandowska-Andra\u0142oj\u0107, Dr Marta Ignasiak-Kciuk, Dr Piotr Filipiak, Msc Kamil Fr\u0105ckowiak and Msc Katarzyna Grzyb.<\/li>\n<\/ul>\n<p><img decoding=\"async\" loading=\"lazy\" class=\"alignnone wp-image-559\" src=\"http:\/\/zfch.home.amu.edu.pl\/wp-content\/uploads\/2022\/06\/IMG-7635.jpg\" alt=\"\" width=\"250\" height=\"333\" \/><img decoding=\"async\" loading=\"lazy\" class=\"alignnone wp-image-562\" src=\"http:\/\/zfch.home.amu.edu.pl\/wp-content\/uploads\/2022\/06\/wspolne_ready-e1654787859933.png\" alt=\"\" width=\"250\" height=\"333\" srcset=\"http:\/\/zfch.home.amu.edu.pl\/wp-content\/uploads\/2022\/06\/wspolne_ready-e1654787859933.png 572w, http:\/\/zfch.home.amu.edu.pl\/wp-content\/uploads\/2022\/06\/wspolne_ready-e1654787859933-225x300.png 225w\" sizes=\"(max-width: 250px) 100vw, 250px\" \/><\/p>\n<p><strong>May 2022<\/strong><\/p>\n<ul>\n<li>We hosted <strong>professor Sylwia Ptasi\u0144ska<\/strong> from\u00a0<strong>The Notre Dame Radiation Laboratory<\/strong> (USA). The visiting professor gave two lectures: at the Department of Chemistry about\u00a0&#8222;<em>Foundations of non-thermal plasmas for biochemical applications<\/em>&#8221; and at the Center for Advanced Technology titled &#8222;<em>Low energy electrons-induced damage to biomolecules<\/em>.&#8221;<br \/>\nAfter hard work we spent free time at\u00a0K\u00f3rnik Arboretum and the Poznan Old Town.<br \/>\n<img decoding=\"async\" loading=\"lazy\" class=\"alignnone wp-image-535\" src=\"http:\/\/zfch.home.amu.edu.pl\/wp-content\/uploads\/2022\/05\/280439028_540539087646857_8431451609429230424_n.jpg\" alt=\"\" width=\"375\" height=\"250\" srcset=\"http:\/\/zfch.home.amu.edu.pl\/wp-content\/uploads\/2022\/05\/280439028_540539087646857_8431451609429230424_n.jpg 3069w, http:\/\/zfch.home.amu.edu.pl\/wp-content\/uploads\/2022\/05\/280439028_540539087646857_8431451609429230424_n-300x200.jpg 300w, http:\/\/zfch.home.amu.edu.pl\/wp-content\/uploads\/2022\/05\/280439028_540539087646857_8431451609429230424_n-768x513.jpg 768w, http:\/\/zfch.home.amu.edu.pl\/wp-content\/uploads\/2022\/05\/280439028_540539087646857_8431451609429230424_n-1024x683.jpg 1024w\" sizes=\"(max-width: 375px) 100vw, 375px\" \/><img decoding=\"async\" loading=\"lazy\" class=\"alignnone wp-image-534\" src=\"http:\/\/zfch.home.amu.edu.pl\/wp-content\/uploads\/2022\/05\/280371383_537740077864223_493838027025457150_n.jpg\" alt=\"\" width=\"375\" height=\"250\" srcset=\"http:\/\/zfch.home.amu.edu.pl\/wp-content\/uploads\/2022\/05\/280371383_537740077864223_493838027025457150_n.jpg 3069w, http:\/\/zfch.home.amu.edu.pl\/wp-content\/uploads\/2022\/05\/280371383_537740077864223_493838027025457150_n-300x200.jpg 300w, http:\/\/zfch.home.amu.edu.pl\/wp-content\/uploads\/2022\/05\/280371383_537740077864223_493838027025457150_n-768x513.jpg 768w, http:\/\/zfch.home.amu.edu.pl\/wp-content\/uploads\/2022\/05\/280371383_537740077864223_493838027025457150_n-1024x683.jpg 1024w\" sizes=\"(max-width: 375px) 100vw, 375px\" \/><br \/>\nProfessor&#8217;s visit was funded by\u00a0the\u00a0&#8222;Initiative of Excellence &#8211; Research University&#8221; Project (ID-UB):<br \/>\nSupport for internationalization of UAM \u2014 visits of renowned foreign researchers under the AMU Excellence Visiting Postdoctoral Researchers and AMU Excellence Visiting Professors programs<\/li>\n<\/ul>\n<p><strong>April 2022<\/strong><\/p>\n<ul>\n<li>Happy birthday to our department head,\u00a0<strong>Professor Tomasz P\u0119dzi\u0144ski!<\/strong><br \/>\n<img decoding=\"async\" loading=\"lazy\" class=\"size-full wp-image-526 aligncenter\" src=\"http:\/\/zfch.home.amu.edu.pl\/wp-content\/uploads\/2022\/04\/ezgif.com-gif-maker-1.gif\" alt=\"\" width=\"264\" height=\"389\" \/><\/li>\n<li>We are pleased to announce that <strong>dr hab Anna Lewandowska &#8211; Andra\u0142oj\u0107<\/strong> has received funding from the National Science Center as part of the PRELUDIUM BIS competition! Congratulations!<br \/>\nShort description of the project titled\u00a0<em>Artificial leaf based on MXene Ti3C2Tx material:\u00a0<\/em><em>photocatalytic hydrogen generation<\/em> can be found <a href=\"https:\/\/www.ncn.gov.pl\/sites\/default\/files\/listy-rankingowe\/2021-09-15vpa31r\/streszczenia\/536851-pl.pdf\">here<\/a>.<\/li>\n<\/ul>\n<p><strong>March 2022<\/strong><\/p>\n<ul>\n<li><strong>Dr hab Anna Lewandowska &#8211; Andra\u0142oj\u0107<\/strong> and <strong>dr Karolina Nowicka &#8211; Bauer<\/strong> have received the grant in the &#8222;50 x 50:\u00a0fifty grants for 50 young scientists&#8221; competition funded by the\u00a0&#8222;Initiative of Excellence &#8211; Research University&#8221; Project (ID-UB). Congratulations!<\/li>\n<\/ul>\n<p><strong>February 2022<\/strong><\/p>\n<ul>\n<li>The review &#8222;<em>Photo- and Radiation-Induced One-Electron Oxidation of Methionine in Various Structural Environments Studied by Time-Resolved Techniques<\/em>&#8221; co-authored by <strong>prof. Bronis\u0142aw Marciniak<\/strong> has been published in Molecules. You can read it <a href=\"https:\/\/www.mdpi.com\/1420-3049\/27\/3\/1028\">here<\/a><\/li>\n<\/ul>\n<p><strong>January 2022<\/strong><\/p>\n<p><img decoding=\"async\" loading=\"lazy\" class=\"size-full aligncenter\" src=\"https:\/\/chemia.amu.edu.pl\/__data\/assets\/image\/0035\/289736\/varieties\/w300.png\" width=\"300\" height=\"228\" \/><\/p>\n<ul>\n<li>We are deeply saddened to inform you\u00a0that Prof. Stefan Paszyc passed away on January, 12th.<\/li>\n<\/ul>\n<p>His biographical note written by Prof Marciniak can be found on the <a href=\"https:\/\/chemia.amu.edu.pl\/wydzial\/aktualnosci-wydzialowe\/zmarl-sp.-prof.-stefan-paszyc\">Faculty&#8217;s website.<\/a><\/p>\n<p><strong>October 2021<\/strong><\/p>\n<ul>\n<li>On October 29th, Karolina Rachuta received a Ph.D. after successfully defending her thesis entitled &#8222;<strong><em>Influence of the presence of a silicon atom on the spectroscopic and photophysical properties of selected organosilicon compounds<\/em><\/strong>&#8222;.<br \/>\nCongratulations Dr. Rachuta!<\/li>\n<\/ul>\n<p><img decoding=\"async\" loading=\"lazy\" class=\"wp-image-468 aligncenter\" src=\"http:\/\/zfch.home.amu.edu.pl\/wp-content\/uploads\/2021\/11\/karolina.jpg\" alt=\"\" width=\"557\" height=\"313\" srcset=\"http:\/\/zfch.home.amu.edu.pl\/wp-content\/uploads\/2021\/11\/karolina.jpg 4032w, http:\/\/zfch.home.amu.edu.pl\/wp-content\/uploads\/2021\/11\/karolina-300x169.jpg 300w, http:\/\/zfch.home.amu.edu.pl\/wp-content\/uploads\/2021\/11\/karolina-768x432.jpg 768w, http:\/\/zfch.home.amu.edu.pl\/wp-content\/uploads\/2021\/11\/karolina-1024x576.jpg 1024w\" sizes=\"(max-width: 557px) 100vw, 557px\" \/><\/p>\n<p>Click <a href=\"http:\/\/zfch.home.amu.edu.pl\/?page_id=27\">here<\/a> to see the archive.<\/p>\n<p>&nbsp;<\/p>\n","protected":false},"excerpt":{"rendered":"<p>March 2023 Prof. Anna Lewandowska-Andra\u0142oj\u0107 has published a\u00a0paper on hydrogen production with MXenes (Nb2C) in collaboration with Hermenegilda Garc\u00eda group from\u00a0Instituto de Tecnolog\u00eda Qu\u00edmica (ITQ),\u00a0Universitat Polit\u00e8cnica de Val\u00e8ncia. Congratulations! Rub\u00e9n &#8230;<\/p>\n","protected":false},"author":1,"featured_media":0,"parent":0,"menu_order":0,"comment_status":"closed","ping_status":"closed","template":"","meta":[],"_links":{"self":[{"href":"http:\/\/zfch.home.amu.edu.pl\/index.php?rest_route=\/wp\/v2\/pages\/582"}],"collection":[{"href":"http:\/\/zfch.home.amu.edu.pl\/index.php?rest_route=\/wp\/v2\/pages"}],"about":[{"href":"http:\/\/zfch.home.amu.edu.pl\/index.php?rest_route=\/wp\/v2\/types\/page"}],"author":[{"embeddable":true,"href":"http:\/\/zfch.home.amu.edu.pl\/index.php?rest_route=\/wp\/v2\/users\/1"}],"replies":[{"embeddable":true,"href":"http:\/\/zfch.home.amu.edu.pl\/index.php?rest_route=%2Fwp%2Fv2%2Fcomments&post=582"}],"version-history":[{"count":20,"href":"http:\/\/zfch.home.amu.edu.pl\/index.php?rest_route=\/wp\/v2\/pages\/582\/revisions"}],"predecessor-version":[{"id":655,"href":"http:\/\/zfch.home.amu.edu.pl\/index.php?rest_route=\/wp\/v2\/pages\/582\/revisions\/655"}],"wp:attachment":[{"href":"http:\/\/zfch.home.amu.edu.pl\/index.php?rest_route=%2Fwp%2Fv2%2Fmedia&parent=582"}],"curies":[{"name":"wp","href":"https:\/\/api.w.org\/{rel}","templated":true}]}}